+ 4. Is p(3) a composite number?
True
Suppose a = 2*x + 2, -x - 8 = -5*a + 2. Is (32*a - 2) + -3 composite?
False
Suppose 5*y = 48 + 22. Let m = 17 + y. Is m prime?
True
Let r be (-45)/(-27) + (-2)/3. Is 86/2 - (-1 + r) prime?
True
Suppose 4*s - 236 = 4*j, 5*s - 4*j - 314 = -19. Suppose -5*o + s + 26 = 0. Suppose -5*k + 28 = -o. Is k composite?
True
Let w be (249/(-2))/(3/(-18)). Is w/5 - 4/10 prime?
True
Suppose 0 = 3*n + 2*b - 24 - 384, 4*n = b + 533. Is n a prime number?
False
Let h(m) = -54*m + 1. Suppose 0 = -4*f + 8, -3*o + f = 2*f + 1. Let g be 1/(0 + o + 0). Is h(g) a prime number?
False
Let d = 1 - -2. Suppose -u - 3*u + 20 = d*t, 5*u + 2 = 3*t. Suppose -t*k + 9*k = 1765. Is k prime?
True
Let o(r) = 3*r - 15. Let l be o(8). Suppose 0*k = 5*q - 4*k - 677, 0 = -3*k - l. Is q composite?
True
Suppose p = -0 + 3. Suppose 110 = -b + p*b. Is b a composite number?
True
Suppose s - 13 = -4*r, 0 = -2*s - r + 27 + 34. Is s a prime number?
False
Let v(l) = l - 5. Let j be v(15). Suppose -j*g = -11*g + 25. Is g prime?
False
Suppose -2*h = -t - 34, 4*h + 22 = 5*h + 2*t. Suppose p - h - 22 = 0. Suppose p = -3*q + 7*q. Is q a composite number?
True
Suppose -4*h + 0 = -40. Let t(x) = -x - 5*x + 0*x - h + x. Is t(-7) a prime number?
False
Is 3 - (-1 + 2)/((-3)/1332) a prime number?
False
Suppose 5*d - 3*d = 502. Is d composite?
False
Let v(l) be the third derivative of l**6/120 + l**5/10 + 5*l**4/24 - 2*l**3/3 + l**2. Let w be v(-4). Is 1254/8 - (-2)/w composite?
False
Suppose 0 = 5*r - 4806 - 629. Is r composite?
False
Suppose 0 = 4*x + 4, 2*x - 3*x - 30 = -h. Suppose 3*n - h = 64. Is n a prime number?
True
Let x(w) = 18*w - 1. Let z be x(-2). Let j = z + 90. Is j composite?
False
Suppose 0 = -y + 2, 2*m = 3*m + y - 2. Suppose -4*n - n + 130 = m. Is n a composite number?
True
Let p(x) = x**3 + 5*x**2 - 5. Let c be p(-5). Let i(y) = y. Let s(d) = 11*d - 2. Let a(g) = 4*i(g) - s(g). Is a(c) a composite number?
False
Suppose -5*g - 163 = 1107. Is 1/3 - g/3 a composite number?
True
Is 659*(-4 - -3)/(-1) a composite number?
False
Suppose 319 = r + 20. Is r a prime number?
False
Let z(o) = 2*o**2 - 6*o + 3. Let y be (3/6)/((-3)/30). Is z(y) a prime number?
True
Suppose -3683 = -2*z + 11027. Is z a composite number?
True
Let r(z) = 12*z**2 + 21*z - 50. Is r(11) composite?
True
Suppose 5*t - 32 = 3*t. Let o = -9 + t. Is o prime?
True
Suppose p + 515 = 6*p. Is p a composite number?
False
Let d = -9 - -4. Let m(t) = -t**2 + 9*t - 5. Let v be m(6). Is 6/(-15)*v*d a composite number?
True
Suppose -105 = 2*z - 7*z. Let l = z - 8. Is l composite?
False
Let y(p) = p**2 - 317. Let a be y(0). Let n = -17 + -457. Let i = a - n. Is i composite?
False
Let u be 1/5 - (-28)/10. Suppose -2*y + 128 = -u*c - 21, 0 = 3*y - 3*c - 228. Is y a composite number?
False
Let a = 2914 + -1955. Is a a prime number?
False
Is 0 + 1127 + -15 + 21 composite?
True
Let m = 14 + -29. Let h be (-6)/m + (-51)/15. Let r = 38 + h. Is r prime?
False
Let j(u) be the third derivative of -2*u**4 + u**3/2 - 2*u**2. Let v be j(-3). Let c = v + -78. Is c composite?
True
Suppose -u + 59 - 21 = 0. Let w be (-7 - 4)/((-1)/7). Let j = w + u. Is j a composite number?
True
Let w = 2954 + -1816. Is w composite?
True
Let q(g) be the second derivative of -53*g**3/6 - g**2 - 4*g. Is q(-3) a prime number?
True
Let y(p) = -3*p**2 + p - 4. Let i be y(3). Let c = i + 66. Is c prime?
False
Let j(l) = -2*l**3 - 2*l - 1. Is j(-2) prime?
True
Is (2 + (-3)/12)*284 a composite number?
True
Suppose 0 = -5*c + u - 142, -5*c + 5*u = -3*c + 43. Let q be (-3)/(-1) - (-132)/(-2). Let f = c - q. Is f a prime number?
False
Let w = 77 + 37. Suppose -2*s - 94 = -2*c, 5*c - w - 157 = -4*s. Is c prime?
False
Suppose 4*t = -5*c - 11, t - 6*t = 3*c + 4. Let i(n) = 4*n**2 + 1. Is i(c) a composite number?
False
Let v = 812 - 433. Is v a composite number?
False
Is ((-1)/(-2))/(9/19242) a composite number?
False
Let z(x) = 540*x**3 + 3*x**2 - 4*x + 2. Is z(1) a composite number?
False
Let o = -2 + 3. Suppose -2*v + 7 = -o. Is v a composite number?
True
Suppose 4*a + 124 = 3*d, d - 29 = 3*a + 19. Suppose -40 = -2*x + d. Is (x/4)/(6/12) prime?
True
Let o be 4/(-18) + 40/18. Suppose 5*i + 80 = 2*f, -2*f + o*i + 109 = f. Is f prime?
False
Suppose 5*l - 3*i - 6 = 29, -l - 5*i + 35 = 0. Is l prime?
False
Is (3 - -1*876)/1 prime?
False
Suppose m + m = 8. Let r(l) = m*l**2 - 3*l**2 - 2*l + 4*l - l**3 - 1. Is r(-2) composite?
False
Suppose 7*u + 10*u = 11033. Is u a composite number?
True
Let b(g) = g**2 + 7*g + 3. Let o be b(-7). Suppose 5 = 2*k - o. Is 133/4 + (-1)/k prime?
False
Suppose -8*g + 3*g + 4*v = -651, -2*g + v + 258 = 0. Is g composite?
False
Let q(u) = 9*u**2 - 6*u + 9. Is q(8) prime?
False
Let f(x) = 2*x**2 - 4*x + 2. Let z be f(2). Let d = 0 - -2. Suppose 0 = d*a - 3*l - 332, 0 = -a - 2*a + z*l + 493. Is a composite?
False
Is (-99 + -7)*(6/(-3))/4 a prime number?
True
Let k(r) = -r**3 - 3*r**2 + 5*r + 4. Let f be k(-4). Let m be (f - -2)*306/4. Suppose -4*u + m - 13 = 0. Is u a composite number?
True
Let h be (0 - -2) + (536 - 1). Let v = h + -326. Is v a prime number?
True
Let f(b) = -b**2 + 12*b - 10. Suppose 2*u = -j - 0*j + 14, 2*u - 14 = 3*j. Is f(u) prime?
False
Suppose 0 = 6*t - 529 - 1025. Is t composite?
True
Let g(c) = 4*c + 2. Let d be g(1). Suppose 10*w = d*w + 820. Is w a composite number?
True
Suppose q = -0*q + 4. Is (q/6)/((-10)/(-7005)) composite?
False
Suppose w + 4*d - 2 + 6 = 0, 3*d + 12 = -3*w. Let t(i) = 6*i + 11. Let j(f) = -3*f - 5. Let p(r) = w*t(r) - 9*j(r). Is p(6) prime?
True
Is ((3 + 0 - 709)*-1)/2 composite?
False
Suppose r + 3*r = 60. Let v = 21 - r. Is v prime?
False
Let u be 12*4/8*-1. Is (2639/21)/((-2)/u) a composite number?
True
Let t(g) = -49*g + 4. Let k be t(-5). Suppose 2*q - 403 = -5*u, 4*q - k = -3*u + q. Is u composite?
False
Suppose -20 = -0*k + 2*k. Is (-6)/(-15) + (-386)/k a prime number?
False
Suppose -350 - 224 = -2*u - 2*h, -2*h + 863 = 3*u. Is u composite?
True
Let n(s) = 3*s**2 - 8*s + 7. Is n(6) a composite number?
False
Suppose c - 7 = 8. Let k be (-18)/(-21)*(c - 1). Is k/(-2)*20/(-8) a prime number?
False
Let q = -680 - -1821. Is q a composite number?
True
Suppose -3371 = -2*y - 33. Is y a prime number?
True
Suppose 46*k - 19895 = 41*k. Is k a composite number?
True
Let v = 104 + 119. Is v a prime number?
True
Let z(h) = 8*h - 3. Suppose -5*s + s = -8. Is z(s) a composite number?
False
Let u(j) = 10*j**3 - 2*j**2 - j - 3. Let k be u(-4). Let g = 45 + k. Let i = -271 - g. Is i a prime number?
False
Suppose -33608 = 4*i - 12*i. Is i prime?
True
Let r(k) be the first derivative of -k**4 + 4*k**3/3 + 2*k**2 - k + 1. Let m(u) = -u**2 - 9*u - 17. Let b be m(-7). Is r(b) a prime number?
True
Let g = -209 + 463. Is g composite?
True
Let l(s) = 239*s**2 - s + 5. Is l(2) prime?
False
Let r(x) = x**3 + 9*x**2 + 6*x + 2. Let a = -23 - -16. Is r(a) a composite number?
True
Suppose -5*o = -2*b - 10, -3*o - 25 = -2*o + 5*b. Suppose 586 = -3*q - 0*h - 4*h, o = q + 4*h + 190. Let j = 329 + q. Is j composite?
False
Let j(v) = -1 - v - 2*v + v**3 - 4*v**2 + 0*v**2 + 0*v**2. Let d = 3 - -3. Is j(d) composite?
False
Let r(s) = s**2 + s - 1. Let p(a) = 7*a**2 - 4*a + 7. Let t(l) = p(l) - 6*r(l). Let x be t(9). Suppose 509 - 33 = x*f. Is f a prime number?
False
Let f(a) = -a**2 - 5*a + 9. Let o be f(-6). Let r(s) = 17*s**2 - 4*s + 4. Is r(o) a prime number?
False
Let s = 444 - 296. Suppose -10*i = -5*i - 10. Suppose -i*y + s = 2*y. Is y a composite number?
False
Let b(d) = 3*d**2 + d**2 - d**2 + 1. Let o = 16 + -18. Is b(o) prime?
True
Is (-5)/(-10)*934 - -2 prime?
False
Let u(m) = -2*m**2 - m + 7. Is u(0) a composite number?
False
Suppose 2*k = 4*k - 4098. Is k a prime number?
False
Let b = 2589 + -1688. Suppose h = -4*w + 1192, 2*w = -w + h + b. Is w composite?
True
Let h = 256 - -33. Is h a prime number?
False
Suppose 0 = -3*n + 2*n - 1. Let a be -10*n/(-2) - 0. Is (a/3)/((-1)/51) a prime number?
False
Let t(q) = -3*q**3 + 10*q**2 + 6*q + 3. Let y(x) = 7*x**3 - 19*x**2 - 12*x - 5. Let z(j) = 5*t(j) + 2*y(j). Is z(12) composite?
True
Suppose -2*s - 374 = -4*p, -p = -0*p - s - 94. Is p composite?
True
Let w(k) = k**3 + 16*k**2 + 2*k - 3. Is w(-14) a composite number?
True
Let i(o) = 31*o**2 - o +